216. What is the remainder when p is divided by 38?
37
Let k = -1968 + 2289. What is the remainder when k is divided by 36?
33
Let q(t) = 101*t - 26. Calculate the remainder when 187 is divided by q(1).
37
Let g(m) be the first derivative of 2*m**3/3 + 7*m**2/2 + 6*m - 3. Let c be g(-4). Suppose c = b + 1. What is the remainder when b is divided by 6?
3
Let y = -10 + 12. Let r = y - -22. Let u = r + 0. Calculate the remainder when 71 is divided by u.
23
Let v(f) = f**3 + 15*f**2 - 17*f - 11. Let u be v(-16). Suppose -u*d = -7*d + 190. What is the remainder when d is divided by 12?
11
Suppose 4*o = q - 6*q + 35, -4*q = o - 17. Let u = q + 10. What is the remainder when 50 is divided by u?
11
Let x(a) = a**3 + 7*a**2. Suppose -35 = 9*r - 4*r. Let l be x(r). Suppose -b - 2 + 3 = l. Calculate the remainder when 2 is divided by b.
0
Let f = 4 + -2. Suppose 2*o + q + 3 = 4*o, 12 = -f*o + 4*q. Suppose -o*s = -3*i - 0*i + 11, 53 = 5*i + 2*s. Calculate the remainder when 16 is divided by i.
7
Let u = -66 - -1. Let q = u + 98. What is the remainder when q is divided by 12?
9
Let w(a) = -10*a + 301. Suppose -3*b - 229 = -2*l - 2*l, 0 = 3*l + b - 175. Calculate the remainder when l is divided by w(28).
16
Suppose -4*f + 0*p + 1614 = p, -3*f = -4*p - 1201. Calculate the remainder when f is divided by 81.
79
Suppose -3*w = -4*w + 2. Let h(a) = -7*a + 6. Let b be h(1). What is the remainder when b + (160/5)/4 is divided by w?
1
Suppose -c + 3*c = p + 529, -1056 = -4*c + 4*p. Calculate the remainder when c is divided by 11.
1
Let c = 37 + -22. Let x = -26 - -20. Let l(a) = -a**2 - 7*a - 2. Calculate the remainder when c is divided by l(x).
3
Let b(u) = 2 - u**3 - 5*u + 2 + 21*u**2 - 11*u**2. What is the remainder when b(8) is divided by 24?
20
Suppose -2*x = -180 - 122. Suppose 5*t = 204 + x. Calculate the remainder when t is divided by 24.
23
Let h(d) = 3*d**2 + d + 1. Let i be h(2). Let u = -6 + i. Let n(z) = 4*z**2 - 3. What is the remainder when n(3) is divided by u?
6
Let c be ((-3 - -2) + 2)/(1/5). Let t(p) = 5*p + 3. Calculate the remainder when 107 is divided by t(c).
23
Let n(r) be the third derivative of -1/6*r**3 - 2*r**2 + 0*r + 1/120*r**6 + 0*r**4 + 1/15*r**5 + 0. What is the remainder when 14 is divided by n(-3)?
6
Calculate the remainder when 96 is divided by (33 + -48)/(6/(-10)).
21
Let a(k) = k**2 + 19*k + 1. What is the remainder when a(4) is divided by 37?
19
Let d(p) = -24*p - 86. Let w be d(-6). Suppose 19*i - w = 37. Let b = 9 + 5. Calculate the remainder when b is divided by i.
4
Let j(p) = -17*p - 104. What is the remainder when 38 is divided by j(-7)?
8
Suppose 27*r - 596 = 25*r. What is the remainder when r is divided by 36?
10
Let r(j) = -j**3 + 4*j**2 + 5*j + 2. Let m be r(5). Suppose m*q - q = 35. Let b(v) = v**3 + 4*v**2 - 4*v + 3. Calculate the remainder when q is divided by b(2).
16
Suppose 1 + 1 = -2*h. Let c = 59 - 10. Calculate the remainder when c is divided by -1 - -4 - (-15 - h).
15
Suppose -197 = 10*j - 527. Calculate the remainder when 197 is divided by j.
32
Let n = 19 - 16. Suppose 0 = z + n*z. Suppose -o + 5 = -z. Calculate the remainder when 13 is divided by o.
3
Suppose 3*t - 3*l = 42, l - 50 + 4 = -3*t. What is the remainder when 41 is divided by t?
11
Let k(c) = -49*c - 34. What is the remainder when k(-4) is divided by 42?
36
Suppose -5*j + 5*z = 454 - 1064, 0 = 4*j + 2*z - 488. Let q = -69 + j. What is the remainder when q is divided by 14?
11
Let m = 284 - 269. What is the remainder when m is divided by 8?
7
Calculate the remainder when 45/(-12)*(-384)/36 is divided by 12 + (-1 - -3) + 0.
12
Suppose 5*m - 36 = m. Let c = -371 - -446. Calculate the remainder when c is divided by 168/m + 3/9.
18
Suppose -4*z + 2*u = -95 - 7, 57 = 2*z - 3*u. What is the remainder when 31 is divided by z?
7
Suppose -2*v + 329 = -5*x, 175 + 315 = 3*v - 4*x. Suppose -42*g = -36*g - v. What is the remainder when g is divided by 11?
5
Let l(j) = j**3 + 11*j**2 + 7*j + 8. What is the remainder when l(-10) is divided by 8?
6
Let a(w) = w**2 - 8*w + 10. Let n be a(7). Suppose 112 = -4*h + 5*b, 0*b + 11 = -h - n*b. Let m = h + 32. Calculate the remainder when 23 is divided by m.
5
Let q = -25 + 318. What is the remainder when q is divided by 21?
20
Let d = 47 - 14. Suppose 10 - 2 = 2*v. Calculate the remainder when d is divided by v/22 - 1110/(-66).
16
Suppose -34*f + 15*f = -1900. Calculate the remainder when f is divided by 8.
4
Let z(b) = b**3 - b**2 + b + 3. Let q be z(0). Suppose q*a - k - 108 = 0, -4*a + 64 = k - 73. What is the remainder when a is divided by (-129)/(-6) - 5/2?
16
Suppose b - 1 = 3. Let r(f) = -f**3 + 3*f**2 + 5*f + 2. Suppose -3*d + 14 = x, 2*x - 2*d = -2*x + 98. Calculate the remainder when x is divided by r(b).
5
Let n be (-512)/(-20) - 3/5. Let d = n + -34. What is the remainder when (-564)/d + 8/6 is divided by 17?
13
Let w be (-2)/4 - 155/2. What is the remainder when (w/(-5))/((-3)/(-15)) is divided by (-621)/(-27) + (-9)/3?
18
Suppose -2 = 3*o + 1. Let u = 12 - o. Let i(s) = s**3 + 18*s**2 - 3*s - 17. What is the remainder when i(-18) is divided by u?
11
Let s(n) = 8*n**2 - n - 18. What is the remainder when s(-3) is divided by 10?
7
Let a = -24 + 26. Suppose a = -7*l + 23. Suppose l*k - 19 - 29 = 0. What is the remainder when 63 is divided by k?
15
Suppose 4*k - 15*k + 77 = 0. Let g(c) = 5*c + 6. Calculate the remainder when g(4) is divided by k.
5
Calculate the remainder when 93 is divided by 2 + 1 + -9*(-5)/15.
3
Let s(v) = 2*v - 2. Suppose 6*t = 33 + 39. Suppose -40 + t = -4*b. Calculate the remainder when 22 is divided by s(b).
10
Let q(c) = 8*c - 31. Let a(o) = -6*o + 10. What is the remainder when a(-7) is divided by q(5)?
7
Let g = 168 + -147. Calculate the remainder when (6/4)/(-3)*-118 is divided by g.
17
Let g(m) = -114*m + 4. Let k be g(-3). Suppose -4*z - 2*u = -0*u - k, -z = 4*u - 97. Suppose -4*y - 22 = -5*y. Calculate the remainder when z is divided by y.
19
Suppose 4*k = b + 179, 3*b = k - 4*k + 153. Let o = 74 - k. Let j = -6 + 16. What is the remainder when o is divided by j?
8
Suppose -116 = 8*v - 12*v. Calculate the remainder when 110 is divided by v.
23
Suppose -5*x = -4*x, -2*x = -5*g + 25. Let v(q) = q**2 + 7*q - 12. What is the remainder when v(g) is divided by 25?
23
Let a(s) = -107*s**3 + 2*s + 1. What is the remainder when a(-1) is divided by 1/4 + 1323/36?
32
Let w(t) = -46*t - 145. Let y(o) = 19*o**3 - o**2 + 4*o - 3. Calculate the remainder when y(2) is divided by w(-4).
36
Suppose -5*w - 4*f + 1026 = 0, 6*w - w + 2*f - 1028 = 0. Calculate the remainder when w is divided by 15.
11
Let r(y) = y**3 + 13*y**2 + 19*y - 10. Calculate the remainder when r(-7) is divided by 38.
37
Suppose 0 = -8*b - 31 + 327. Calculate the remainder when 220 is divided by b.
35
What is the remainder when 87 is divided by (2 - 8/3)*-15?
7
Calculate the remainder when (-2)/(-4)*(87 + -5) is divided by 288/13 + 6/(-39).
19
Suppose -t = -4*t. Suppose -4*p + y + 33 = t, 5*y - 79 = -5*p - 19. Suppose 0 = -33*n + 232 - 67. What is the remainder when p is divided by n?
4
Let t be (4/(-4 + 16))/(1/6). Suppose -y = 1, v = -3*v - t*y + 298. What is the remainder when v is divided by 19?
18
Let x(b) = -50*b - 285. Calculate the remainder when x(-6) is divided by (-64)/(-10) - (-4)/(-10).
3
Let m(s) = s**2 - s - 6. Let u be m(-10). Suppose -5*j + 171 = -u. What is the remainder when j is divided by (-13 - (2 - 1))*-1?
13
Let q(i) = -i**2 - 8*i + 3. Let d = 425 + -423. What is the remainder when q(-8) is divided by d?
1
What is the remainder when 148 is divided by (-2)/3 + 18/((-540)/(-950))?
24
Suppose 4*v - 165 = t + 58, -3*t = 9. Suppose -4*m + w = 936 - 969, 5*m + w = 30. What is the remainder when v is divided by m?
6
Suppose 3*w - 5*m = 170, 4*m - 3*m = 5. Calculate the remainder when 182 is divided by w.
52
Let m(n) = -n**2 + 5*n - 2. Let r be m(4). Suppose 40*o + 9 = 43*o - 2*a, 2*o + 4*a + 10 = 0. Calculate the remainder when r/1 - 1/1 is divided by o.
0
Calculate the remainder when (1 + (-5)/10)*82 is divided by 37.
4
Let z(t) = -2*t - 2. Let g be z(-2). Suppose g*o = 14 + 10. What is the remainder when o is divided by (6/(-9) + 0)/((-10)/45)?
0
Let m = -121 + 120. Let q(r) = 3*r**2 - r. Suppose -27 